et r = -9 + -2. Let f = -7 - r. Let d(a) = a**2 - 2*a + 1. What is d(f)?
9
Let q(c) = -17*c**3 + 7*c - 6. Let o(d) = d - 1. Let p(s) = 6*o(s) - q(s). What is p(1)?
16
Let v(d) = -2*d**2 + 2*d + 1. Suppose -24 = -6*l + 3*l. Suppose -2 = -3*z - l. Calculate v(z).
-11
Let w(a) = a**2 - 9*a + 9. Suppose 13 - 38 = -5*i - 5*v, -2*i + 13 = -v. What is w(i)?
-9
Let l(m) = -7*m - 2. Let y be l(-2). Let z be (-1)/4 + 3/y. Let d(r) = -1 - r + 0 + z*r. Give d(5).
-6
Let p(a) = a - 2*a**2 - 3*a**2 + 4*a**2. Let d = 12 - 12. What is p(d)?
0
Let q(u) = 0*u**3 - 15 - 3*u + 3 + u**3 + 2*u + 11*u**2. Let p be q(-11). Let f(g) = 7*g - 6*g + 3*g**2 + 1 - 13*g**2. What is f(p)?
-10
Let t(f) = -f**2 - f + 1. Let j(g) = 4*g**2 - g - 3. Let q(y) = j(y) + 3*t(y). Let z be (-12)/9*3/(-1). Calculate q(z).
0
Let a be (-18)/12*(-42)/9. Let r(n) = n - 6. Let m be r(a). Let o(h) be the third derivative of -5*h**4/24 - h**2. Calculate o(m).
-5
Let d(x) = -x**3 - 6*x**2 + 4*x - 9. Let h be d(-7). Suppose 4 = -4*k + h. Let q(c) = -4*c + 1. Let y(r) = -17*r + 4. Let z(w) = 26*q(w) - 6*y(w). Give z(k).
-2
Let s(l) be the third derivative of -l**5/20 - l**4/12 + l**3/2 - l**2. What is s(2)?
-13
Let z(q) = q + 3. Let p(v) = -v**2 - 5*v + 1. Let h be (8/(-10))/((-3)/(-15)). Let t be p(h). Calculate z(t).
8
Let j(h) be the second derivative of -1/3*h**3 + 0 - 1/20*h**5 + 2*h - 1/3*h**4 + 2*h**2. What is j(-3)?
1
Let n(z) be the second derivative of 2*z**5/5 + z**4/12 + z**3/6 + 6*z. What is n(-1)?
-8
Let y(f) = -6*f**3 - 8*f**2 + 9*f**2 - f + 7*f**3 - 1. What is y(-1)?
0
Let q be ((-1)/(-2))/((-3)/(-6)). Let g(c) = 0*c**3 - 6*c + 2 + 2*c**3 - 3*c**3 - q - 7*c**2. What is g(-6)?
1
Let y = -10 - -6. Let f(m) = m**3 + 3*m**2 - 7*m - 6. Calculate f(y).
6
Let r be 15/6*8/10. Let c(l) = 2*l**2 + 1 - 13*l**3 + 22*l**3 - 7*l**r - 10*l**3 - 2*l. Determine c(-5).
11
Let s(n) = -n + 10. Let q be s(7). Suppose 2*p - q = -7. Let h(j) = -1189*j + 1 + j**3 + 1189*j. Give h(p).
-7
Let g(f) = 6*f. Let b(z) = -7*z. Suppose 2*q + 2 + 4 = 0. Let r(v) = q*b(v) - 4*g(v). Calculate r(-3).
9
Let m(b) = b - 3*b - b + b + 2*b**2 + 1. Suppose 0 = -k - 2*u + 20, -4*k + 3*u - 4*u + 45 = 0. Suppose 4*r - 14 = -4*o + o, 2*r - k = -3*o. Give m(r).
5
Let l = 0 + -10. Let b be l/(-15) - (-20)/6. Let q(a) = 4*a - 5. What is q(b)?
11
Let q(a) be the first derivative of a**3/3 + a**2/2 + 6. What is q(2)?
6
Let k(h) = -2*h - 4. Let r be k(-3). Suppose d - r*d = -2. Let x(y) = y**3 - 3*y**2 + 2. Give x(d).
-2
Let d(f) = f**2 + f - 2. Suppose 6*u + 3 = 5*u. Determine d(u).
4
Let x(u) = 9*u**3 - u**2 - 5*u - 5. Let z(n) = 5*n**3 - 3*n - 3. Let t(b) = 4*x(b) - 7*z(b). Let o be t(3). Let g(q) = -q - 1. Determine g(o).
4
Let n(b) = -4*b - 2. Let p(l) = -2*l - 1. Let v(i) = i - 10. Let f be v(6). Let k(z) = f*n(z) + 9*p(z). Give k(-2).
3
Let f(s) be the third derivative of s**7/1680 - s**6/720 - s**5/20 + s**2. Let a(g) be the third derivative of f(g). Let w = 8 + -6. Calculate a(w).
5
Let n(d) = -d**3 + d - 1. Let c be (1 + 1)*4/(-8). Let w = c + 2. Calculate n(w).
-1
Let u(x) = -x**3 + 5*x**2 - 5*x + 2. Suppose -1 = -5*z + 2*q + 1, -4*z - 3*q = 3. Suppose -2 = -z*p - p. Suppose 9 = 5*k - p*k. Give u(k).
5
Let k(w) = -w + 11. Suppose h - 5*a + 9 = 0, -6*h + 4*h = -a - 18. Calculate k(h).
0
Let z be -1 + -1 + (-8)/(-2). Suppose k + z*g + 18 = 0, -3*k + 2*g - 66 = 4*g. Let l be ((-1)/2)/((-4)/k). Let v(u) = u + 2. What is v(l)?
-1
Let c(s) = -3*s + 17. Let d(p) = 4*p - 18. Let t(q) = 5*c(q) + 4*d(q). Determine t(-9).
4
Suppose -15*k + 7 = -14*k. Let y(u) = u**3 - 7*u**2 + 4*u - 9. Calculate y(k).
19
Let t = 4 + 0. Suppose 0*y = -y + t. Suppose -g = -8 + y. Let z(k) = -k**2 + 4*k - 4. Give z(g).
-4
Let v be 14*((-3)/(-6))/(-1). Let q(t) = 5*t - 6. Let u(r) = 11*r - 13. Let d(a) = v*q(a) + 3*u(a). Give d(5).
-7
Let t = -8 + 13. Let p(z) = -z**3 + 4*z**2 + 4*z - 2. Calculate p(t).
-7
Let l(s) = 2*s. Let q(o) = -o**2 + 8*o + 1. Let f(m) = 9*l(m) - 2*q(m). Suppose 3*t = 3*r + 12, 0 = 4*r + 3*t - t + 4. Calculate f(r).
2
Let w(n) = -5*n**3 + 11*n**2 + 9*n + 8. Let d(t) = t**3 - 3*t**2 - 2*t - 2. Let g(j) = -9*d(j) - 2*w(j). What is g(-4)?
18
Let j(b) = -b**3 + b**2 - b + 1. Suppose 5*v + t = 6*t - 20, v + 3*t = 8. Let l(k) = -2*k**2 + k - 2. Let n(w) = v*l(w) - 2*j(w). Calculate n(1).
3
Let v(o) = o**3 - 3*o**2 - 8*o - 3. Let t(c) = c**3 - 2*c**2 - 8*c - 2. Let g(x) = -4*t(x) + 5*v(x). Determine g(8).
-7
Suppose -5*q = -2*k - 13, 4*q - 11 = -2*k + 3. Let n be -1 - 0*k/(-3). Let a(z) = 3*z**2 - z - 1. Give a(n).
3
Let n(u) = u**2 + 2*u + 1. Suppose -2 = 2*s + 3*m, 2 = 4*s - 4*m - 34. Suppose a + 0*a = 5*f + 21, 5*a - s*f - 5 = 0. What is n(a)?
9
Let s(a) = 83*a**3 + 20*a**2 + 6*a - 14. Let c(h) = -28*h**3 - 7*h**2 - 2*h + 5. Let t(v) = -17*c(v) - 6*s(v). Determine t(-1).
22
Let b = -5 - -7. Let r be b*(0 + (-15)/(-6)). Let d(y) = y**3 - 6*y**2 + 5*y + 7. Give d(r).
7
Let y(h) be the second derivative of -h**5/60 + h**4/8 + h**3/6 - 2*h. Let o(l) be the second derivative of y(l). Suppose -2*c - 3*c = -15. Give o(c).
-3
Let g(o) be the first derivative of 5*o - 2*o**2 - 5/3*o**3 - 9 - 1/4*o**4. What is g(-4)?
5
Suppose 3*u = 8*u. Let i(a) = -20 + 9 + 13 - a**2. What is i(u)?
2
Let b(i) be the first derivative of i**4/4 + i**3 - 3*i**2 - 5*i + 4. Give b(-4).
3
Let t(k) = k + 5. Let d be t(0). Let l = d + -5. Suppose -g = -l*g. Let w(y) = -y - 3. Calculate w(g).
-3
Let p(i) = -3 - 2*i + 2*i**2 - i**2 - 4*i**2 + 4*i**2. Let k(j) = -j + 4. Let v be k(-4). Suppose v = -s - 3*s. What is p(s)?
5
Let v(s) = s**3 - 6*s**2 + 4*s - 1. Suppose -g - g + 4 = 0, 4*g + 2 = 2*j. Calculate v(j).
-6
Let t(w) = -w - 3. Let c be t(-2). Let s(m) be the third derivative of m**5/60 - m**3/6 - 40*m**2. Determine s(c).
0
Let l(z) = 3*z**2 - 5*z**2 - 3 + 1 + 3*z**2 + 3*z. What is l(-4)?
2
Let x be (-4)/(-6)*72/16. Let v(t) = -t**3 + t**2 + t + 4. What is v(x)?
-11
Let h(n) = -10*n**2 + n. Let d = 7 + -8. Calculate h(d).
-11
Let y(o) be the first derivative of o**2 + 2*o + 3. Give y(5).
12
Suppose -p - p = 0. Let d be 6*(-2 - -3 - p). Let n(b) = b**3 - 6*b**2 + b - 8. Determine n(d).
-2
Let q(n) be the second derivative of -n**2/2 - n. Let s(l) = l - 6. Let m(a) = 5*q(a) - s(a). Let f(d) = d**2 - 6*d + 5. Let w be f(5). Determine m(w).
1
Let c = 14 + -9. Let o(q) = 2*q**3 - 12*q**2 + 12*q + 3. Let k(l) = -l**3 + 6*l**2 - 6*l - 2. Let x(h) = 5*k(h) + 2*o(h). Determine x(c).
-9
Let k be 1*2/(-4)*-10. Let c(p) = 4*p - 7. Let s(w) = 3*w - 7. Let j(a) = k*s(a) - 4*c(a). Determine j(-3).
-4
Let h be 2/(-7) - (-138)/42. Let f(u) = 2 - 4*u**2 - 5*u + 4*u - 5 + 16. Let k(m) = m**2 - 3. Let l(r) = 2*f(r) + 9*k(r). Give l(h).
2
Suppose 4*m - 7 = -3. Let f(x) = 6*x + m - x - 4*x - 3*x. Give f(-4).
9
Let g(n) = -n**3 + 3*n**2 + 6*n - 6. Let b be g(4). Let t(h) be the first derivative of -1/3*h**3 - 7*h - 7/2*h**b + 1. What is t(-5)?
3
Suppose -v = 3*y + 6, -3*y = -4*v + 2*y - 24. Let i(p) = -p - 4. Determine i(v).
2
Suppose -5*b + b = 8. Let k(s) = -92 + 3*s - 7*s + 90. What is k(b)?
6
Let w(x) = -x**2 - 2. Let q be w(0). Let t(g) be the second derivative of -g**4/6 - g**3/2 + 4*g. Give t(q).
-2
Let l(z) = -z**3 - 2*z - 3. Let j be l(-2). Let g = j - 6. Let i(x) = 4 - 3*x**3 + 2*x**3 + 3*x + 2*x**2 + 0*x. Determine i(g).
4
Let x(k) = k - 1. Let p be x(-2). Let u(b) = -b**2 + 4. Give u(p).
-5
Suppose 4 = 3*h + h. Suppose t - 2 = -h. Let w(u) = 3*u**3 - u**2 + 2*u - 1. Give w(t).
3
Let t(d) be the second derivative of 0 - 1/20*d**5 - 5/12*d**4 - d + 3/2*d**2 - 1/2*d**3. Give t(-4).
-1
Let v(m) = 5*m + m**3 + 2*m**2 - 6*m + 3 + 0. Let g be -1 + (-2)/1 - 0. Determine v(g).
-3
Let q(g) be the second derivative of -g**3/3 - g**2 + 13*g. What is q(-4)?
6
Let x(l) = l + 1. Let n(w) = w**3 + 5*w**2 + 4*w + 4. Let p(v) = n(v) + 2*x(v). Give p(-4).
-2
Let l(b) = -b + 3. Let i be (-495)/(-60) - (-1)/(-4). Let v be 2/(-6) + i/24. Give l(v).
3
Let j(r) = r**3 - 4*r - 3. Let p(d) = -d - 4. Let o be p(-7). Let l = 1 - o. Let h be (1 + 0/1)*l. Give j(h).
-3
Suppose 1 = 3*b + 4. Let r(w) = -2 + 3*w - 4 + 5. Calculate r(b).
-4
Let s(y) = y**2 - 6*y + 6. Suppose -32 = 8*d - 12*d. Calculate s(d).
22
Let o(v) = v**3 - 11*v**2 + 4*v - 4. Let r(h) = -2*h**3 + 24*h**2 - 8*h + 9. Let c(i) = -7*o(i